-60347. List the prime factors of c.
5, 10909
Let z(t) = -t**3 + 65*t**2 + 106*t + 232. What are the prime factors of z(65)?
2, 3, 1187
Let f(v) = -v**3 - 4*v**2 + 2*v - 5. Let u be f(-5). Suppose -83 = -22*h + 5. Suppose 0 = -h*g + u*g - 1380. List the prime factors of g.
2, 5, 23
Let y(k) = 17*k**3 - 4*k**2 + 45*k - 25. What are the prime factors of y(7)?
3, 5, 79
Let l(z) = 173*z**2 + 56*z + 62. What are the prime factors of l(-6)?
2, 13, 229
Let h(k) = k**2 + 9*k + 50. Suppose -99 = 5*l + 21. List the prime factors of h(l).
2, 5, 41
Suppose -26684 = -2*j - 4*h + 7782, -h - 6 = 0. List the prime factors of j.
5, 3449
Suppose -25*q + 28*q - 46320 = -3*d - 2*d, 0 = 4*q. List the prime factors of d.
2, 3, 193
Let u be (2/(-6))/(3/(-27)). Suppose 2*y = u*h - 3 - 0, 0 = 2*y + h - 9. Suppose y*k - 50 = 34. What are the prime factors of k?
2, 7
Let s = 590 - 2378. List the prime factors of 1 - 9/18*s.
5, 179
Let p = 42 + 26313. List the prime factors of p.
3, 5, 7, 251
Suppose -8702 = -28*m + 9498. List the prime factors of m.
2, 5, 13
List the prime factors of (-5398)/22*(-86 + 53).
3, 2699
Let k be 4/(-10) - 244/(-10). Let z = 59 + -54. List the prime factors of 4*(-8)/z*(-780)/k.
2, 13
Let j = -91 + 219. Let z = -137 + j. Let f(s) = -s**3 - 7*s**2 + 19*s + 12. List the prime factors of f(z).
3
Let t = 1398 - -275. Suppose -t = -8*o + 567. List the prime factors of o.
2, 5, 7
Let w(t) = 385*t - 65. Let h(r) = 256*r - 43. Let x(g) = -7*h(g) + 5*w(g). List the prime factors of x(4).
2, 127
Let y = -140 - -1478. Let o = y + 230. List the prime factors of o.
2, 7
Suppose -2*u - 4*p + 38 = 0, p - 1 + 50 = 4*u. Suppose -2522 - 260 = -u*c. List the prime factors of c.
2, 107
Let u(y) = 302*y**2 + 109*y - 131. List the prime factors of u(-11).
2, 8803
Let l(n) = n**3 - 5*n**2 - n - 18. Let b = -46 - -54. What are the prime factors of l(b)?
2, 83
List the prime factors of 10332/(-656)*291*-4.
3, 7, 97
Let w(m) = -555*m + 4342. List the prime factors of w(-10).
2, 2473
Let v be (-150)/(-3)*2745/30. Suppose 0 = 5*z + 575 - v. List the prime factors of z.
2, 5
Let o = 39 - 34. Let x be (-94)/(-5) + o/25. Let p = -7 + x. What are the prime factors of p?
2, 3
Let u = 4239 + 1269. List the prime factors of u.
2, 3, 17
Suppose 50*x = 21*x + 173621 + 164432. What are the prime factors of x?
11657
Suppose 461*x - 17903460 = 49*x. List the prime factors of x.
3, 5, 2897
Suppose 19*u = -38 + 266. Suppose 0 = -2*o + u*o - 7780. List the prime factors of o.
2, 389
Let s = -5 + 13. Let h(t) = -19*t. Let j(m) = 189*m - 6. Let f(a) = 9*h(a) + j(a). List the prime factors of f(s).
2, 3, 23
Let v(k) = 2*k**2 - 3*k + 1. Let m be v(3). Let r be -155*55/m*(0 - -2). List the prime factors of 1/6 + r/(-66).
2, 13
Suppose 18*u - 16 = 10*u. List the prime factors of (-67)/u*(-16 + 14).
67
Let y = 6 - -436. Suppose -22*l + y = 12*l. List the prime factors of l.
13
Suppose 3*b + 2*y - 91181 = 0, y = b - 3812 - 26585. List the prime factors of b.
5, 6079
Let f(j) = j**2 - 4*j + 27. Let y be f(0). Suppose y*d = 24*d + 909. List the prime factors of d.
3, 101
Let b = 7 + -13. Let g = 792 - b. Suppose -4*c + g = 158. List the prime factors of c.
2, 5
Let j = 1154 - 1132. Let i be 3/(-6) + (-153)/(-2). Suppose -2*q = 2*x - 0*q - i, x - j = -5*q. List the prime factors of x.
2, 3, 7
Let m be 2/(-3)*12/(-2). Let a(n) = 3*n**2 + 19*n + 28*n + 1 + 29*n - 95*n + 20*n. List the prime factors of a(m).
53
List the prime factors of ((-36)/14)/(24/629552*-7).
2, 3, 11, 73
Let w(j) = -11*j**3 - 22*j**2 + 10*j + 36. What are the prime factors of w(-10)?
2, 3, 7, 13
What are the prime factors of 17378348/468 + 4/(-18)?
71, 523
Let o(g) = 19*g**2 - 2*g - 18. Suppose 6 = 2*x - 3*i, -1 = -3*x + 2*x + i. Let f be o(x). Let h = f - 96. List the prime factors of h.
3, 7
Suppose -5*k + 6 = 3*d, 2*d - 9 = -4*k + d. Suppose -1570 = -3*a + 2*q - 201, -a + k*q = -461. What are the prime factors of a?
5, 7, 13
Let v be (72/198)/((-2)/(-22)). Suppose 3*s = -o + 992, -v*s + 1999 = 2*o - 3*s. List the prime factors of o.
7, 11, 13
Let t be 1*4 + 0/(-8 - -3). Suppose -38*w + 34*w = t. List the prime factors of w*(364/(-1))/4.
7, 13
Let a(z) = z**2 + 14*z + 3. Let u be a(-14). Suppose -35 - 280 = u*d. What are the prime factors of d/6*(-24)/14?
2, 3, 5
Let x be (11 - 11)/(1*2). Suppose -5*d + 4 + 1 = x. What are the prime factors of 250/3 - d/3?
83
Suppose 4*m - 12 = -4*b, -5*m = 4*b - 5 - 4. Suppose 0*d + 5*x = -d + 33, -2*d + 2*x = -b. What are the prime factors of -1 + 193 - 8/d?
191
Let h(g) = -g**2 + 9*g - 13. Let y = 39 + -32. Let j be h(y). Suppose l - j = 0, i = 4*l - 3*l + 114. What are the prime factors of i?
5, 23
Suppose 0 = -32*w + 48 + 80. Let p(i) = 50*i**2 + 18*i - 95. List the prime factors of p(w).
3, 7, 37
Suppose -5*o = -5*y + y + 26, 2 = -o. Suppose y*f + 233 = f + 4*v, 0 = 4*f + 3*v + 319. Let a = 347 + f. List the prime factors of a.
2, 67
Let g(c) = -c**2 + c. Let y(u) = 6*u**2 + 15*u + 37. Let f = 56 - 57. Let i(z) = f*y(z) - 5*g(z). What are the prime factors of i(-12)?
59
Suppose -1 = -2*u + 2*z - 9, 3*u = -5*z + 28. Let i(d) = d**2 - 1. Let n be i(u). Suppose 3*r - 3*b - 123 = n, 4*r - 5*b = 79 + 89. List the prime factors of r.
37
Let l(g) = -g**3 - 17*g**2 + 18*g + 2. Let q be l(-18). Suppose -2*j + q = -18. List the prime factors of (-21)/(-35) + 284/j.
29
Let s be 24566/30 + -3*(-12)/270. Suppose -4*p = 4*w - 445 - s, 0 = -5*w + 2*p + 1573. List the prime factors of w.
3, 5, 7
Let d = -5400 - -12002. List the prime factors of d.
2, 3301
Let d(g) = -10372*g**3 + 53*g**2 + 56*g + 2. List the prime factors of d(-1).
3, 3457
Let u be 203/(-7) - (-4 + 0). What are the prime factors of (u - -27)/((-4)/(-214))?
107
Let r(p) = -1777*p + 2183. List the prime factors of r(-19).
2, 3, 1997
Let i be ((-292)/(-3))/(43074/(-10773) + 4). What are the prime factors of i/95 - (-2)/(-10)?
613
Let c(x) = 8*x + 3. Let s be c(-2). Let i(a) be the second derivative of -5*a**3/2 + 12*a**2 + 443*a. What are the prime factors of i(s)?
3, 73
Let p(n) = -n**2 - n + 4. Let h be p(0). Let c(v) = -1 + 2077*v + 3*v**2 + 2081*v - 4157*v. What are the prime factors of c(h)?
3, 17
Let m be 26/(-4) + (-2)/4. Let k(w) = 44 + 0*w + 3*w**2 - 4*w**2 - 17*w - 53. List the prime factors of k(m).
61
Suppose -2*x - 5*j - 2108 = 0, 4*x + 9*j - 5*j + 4204 = 0. Let d = x - -1640. List the prime factors of d.
3, 197
Let s = -896 - -4304. List the prime factors of s.
2, 3, 71
Let w = -324 + 356. Suppose 1984 = -16*o + w*o. List the prime factors of o.
2, 31
Let k(z) = 3*z**3 + 107*z**2 + 53*z - 20. List the prime factors of k(-32).
2, 7, 11, 31
What are the prime factors of (-5)/(2520/(-725472)) - ((-4)/7 - 0)?
2, 3, 5
Let m(a) = 187*a - 854. List the prime factors of m(7).
5, 7, 13
Let y = 19 - 10. Suppose -y*x = -8377 + 943. What are the prime factors of x?
2, 7, 59
Suppose 0 = 3*k - k - 6. Suppose -c - 3*u + 0*u - 1 = 0, -k*c - 3*u = -3. Suppose -1 + 3 = -c*j, z = -4*j + 10. List the prime factors of z.
2, 7
Suppose 0 = -58*n + 194052 - 44992. What are the prime factors of n?
2, 5, 257
Suppose -2*k + 189 = -521. Let a = -247 + k. Let m = a - -49. What are the prime factors of m?
157
Suppose 0 = 12*n - 13*n + 703. Suppose 0 = 3*g - 4*l - n, 4*g + 2*l + 231 = 5*g. What are the prime factors of g?
241
Let t = 446 - 461. List the prime factors of -5 + 19380/(-24)*18/t.
2, 241
Let c(n) = -n**2 - 13*n - 19. Let x be c(-11). Suppose 0 = 4*u + 3*t - 10, -u - x*u = 5*t - 6. Suppose 5*g - u*g = 62. List the prime factors of g.
2, 31
Let q(y) = -26*y**2 - 6*y + 6. Let b be q(-4). Let i = -204 - b. What are the prime factors of i?
2, 7, 13
Let m(c) = 2*c**3 - 4*c**2 + 55*c + 39. List the prime factors of m(15).
2, 3, 373
Let t(m) = 345 - 346 - m**2 + 15*m - 4*m**2 + m**3. List the prime factors of t(8).
311
Let b = 73 + -51. Let t(c) = 22*c - 100. List the prime factors of t(b).
2, 3
Let x(w) = 6*w - 21. Let r = 13 + -8. Let p be x(r). List the prime factors of (-1311)/(-9) + (30/p - 3).
2, 73
Suppose 4*z = 8*y - 6*y + 2, 1 = z. Let k(l) = 1384*l**2 - 53*l + 54. What are the prime factors of k(y)?
5, 277
Let h be (4 - (-471)/15)*-5. Let g be (-2 - h/6)*(-1120)/(-50). Suppose g - 260 = 2*t. List the prime factors of t.
2, 89
Let a be (